6996?
124
What is the remainder when 23826792 is divided by 1753?
16
What is the remainder when 2282281 is divided by 32?
9
Calculate the remainder when 2829018 is divided by 3843.
570
What is the remainder when 1596902 is divided by 3125?
27
What is the remainder when 45596962 is divided by 146?
140
What is the remainder when 19918 is divided by 148?
86
Calculate the remainder when 3380220 is divided by 105.
60
Calculate the remainder when 1279274 is divided by 1401.
161
Calculate the remainder when 575395 is divided by 71905.
155
What is the remainder when 462622 is divided by 462196?
426
Calculate the remainder when 38492546 is divided by 19246265.
16
What is the remainder when 4471 is divided by 82?
43
Calculate the remainder when 25266 is divided by 1148.
10
Calculate the remainder when 1319994 is divided by 38816.
250
What is the remainder when 56111619 is divided by 64794?
15
Calculate the remainder when 8124143 is divided by 7.
6
What is the remainder when 14126488 is divided by 20?
8
Calculate the remainder when 9552963 is divided by 35.
28
Calculate the remainder when 1771839 is divided by 2087.
2063
Calculate the remainder when 244059 is divided by 121558.
943
What is the remainder when 334791 is divided by 27886?
159
What is the remainder when 50082437 is divided by 38?
33
What is the remainder when 53450 is divided by 2804?
174
What is the remainder when 32217039 is divided by 3784?
63
What is the remainder when 3523450 is divided by 703?
14
What is the remainder when 72019 is divided by 23957?
148
Calculate the remainder when 1323732 is divided by 19182.
174
What is the remainder when 7289558 is divided by 132?
122
Calculate the remainder when 647767 is divided by 161816.
503
Calculate the remainder when 3526138 is divided by 10589.
1
What is the remainder when 311646 is divided by 154540?
2566
What is the remainder when 247938 is divided by 30371?
4970
What is the remainder when 6113008 is divided by 1222601?
3
What is the remainder when 1272722 is divided by 120?
2
What is the remainder when 187949 is divided by 11?
3
Calculate the remainder when 300533 is divided by 300485.
48
Calculate the remainder when 1075872 is divided by 699.
111
Calculate the remainder when 12021569 is divided by 94658.
3
What is the remainder when 100226 is divided by 2145?
1556
What is the remainder when 220841 is divided by 2659?
144
What is the remainder when 611463 is divided by 1572?
1527
What is the remainder when 121955 is divided by 125?
80
What is the remainder when 3418035 is divided by 2833?
1437
Calculate the remainder when 813838909 is divided by 2515.
2514
What is the remainder when 77907 is divided by 15466?
577
What is the remainder when 340864401 is divided by 14688?
14673
Calculate the remainder when 1030321 is divided by 4441.
9
What is the remainder when 9687 is divided by 1076?
3
What is the remainder when 165053 is divided by 32971?
198
What is the remainder when 4698117 is divided by 109?
108
Calculate the remainder when 543795 is divided by 459.
339
What is the remainder when 19555913 is divided by 698?
47
What is the remainder when 48777 is divided by 1877?
1852
Calculate the remainder when 20727951 is divided by 219.
39
What is the remainder when 8427 is divided by 1698?
1635
Calculate the remainder when 20254429 is divided by 1255.
1239
What is the remainder when 34493720 is divided by 1499726?
22
What is the remainder when 1995954 is divided by 1988?
2
What is the remainder when 22348928 is divided by 94?
52
Calculate the remainder when 832533 is divided by 2609.
262
Calculate the remainder when 1547783 is divided by 515926.
5
Calculate the remainder when 465885 is divided by 3464.
1709
What is the remainder when 1227822 is divided by 255?
252
Calculate the remainder when 6143218 is divided by 718.
10
What is the remainder when 514347 is divided by 6853?
372
Calculate the remainder when 110268584 is divided by 189791.
13
Calculate the remainder when 145229 is divided by 145153.
76
Calculate the remainder when 15499 is divided by 556.
487
Calculate the remainder when 3609994 is divided by 438.
436
Calculate the remainder when 214246 is divided by 9736.
54
What is the remainder when 584598 is divided by 548?
430
Calculate the remainder when 437646 is divided by 72931.
60
What is the remainder when 735661710 is divided by 1461?
1458
Calculate the remainder when 11186363 is divided by 23.
14
What is the remainder when 515719 is divided by 91?
22
What is the remainder when 3609744 is divided by 1804864?
16
Calculate the remainder when 88152 is divided by 8813.
22
What is the remainder when 29998247 is divided by 580?
67
Calculate the remainder when 5730306 is divided by 1400.
106
What is the remainder when 412606 is divided by 141?
40
Calculate the remainder when 708723 is divided by 53.
7
Calculate the remainder when 272624 is divided by 1499.
1305
Calculate the remainder when 836005 is divided by 107.
14
What is the remainder when 34925544 is divided by 238?
234
Calculate the remainder when 827619 is divided by 617.
222
Calculate the remainder when 115509681 is divided by 5567.
5565
Calculate the remainder when 68470 is divided by 482.
26
Calculate the remainder when 1589753 is divided by 3935.
13
What is the remainder when 339487738 is divided by 540?
538
Calculate the remainder when 4763722 is divided by 1587891.
49
Calculate the remainder when 22972188 is divided by 4594437.
3
Calculate the remainder when 31042 is divided by 4273.
1131
What is the remainder when 2854654 is divided by 10087?
33
Calculate the remainder when 19842528 is divided by 1240.
48
What is the remainder when 163500 is divided by 3218?
2600
Calculate the remainder when 1385793 is divided by 1838.
1779
Calculate the remainder when 4722782 is divided by 248563.
85
What is the remainder when 4752658 is divided by 380?
378
What is the remainder when 181564 is divided by 452?
312
What is the remainder when 48152 is divided by 1247?
766
Calculate the remainder when 6880938 is divided by 1455.
243
What is the remainder when 503142 is divided by 3517?
211
Calculate the remainder when 1164429 is divided by 1828.
1821
What is the remainder when 158029 is divided by 4644?
133
What is the remainder when 3736761 is divided by 1195?
1191
What is the remainder when 17027 is divided by 1022?
675
Calculate the remainder when 90812010 is divided by 91.
16
What is the remainder when 686533 is divided by 20187?
175
What is the remainder when 2945192 is divided by 140242?
110
Calculate the remainder when 4779339 is divided by 4779335.
4
Calculate the remainder when 10022937 is divided by 46.
43
Calculate the remainder when 777214 is divided by 5840.
494
What is the remainder when 3589127 is divided by 2263?
9
Calculate the remainder when 479839 is divided by 50.
39
What is the remainder when 1534947 is divided by 1534929?
18
Calculate the remainder when 67515375 is divided by 2044.
11
What is the remainder when 1194180 is divided by 128?
68
What is the remainder when 123957 is divided by 6999?
4974
What is the remainder when 81746999 is divided by 5274?
5273
What is the remainder when 839197 is divided by 2124?
217
Calculate the remainder when 3085062 is divided by 3085026.
36
What is the remainder when 11012131 is divided by 579584?
35
Calculate the remainder when 1209215 is divided by 241687.
780
What is the remainder when 291633 is divided by 3389?
179
What is the remainder when 15070854 is divided by 519684?
18
Calculate the remainder when 28749215 is divided by 249993.
20
Calculate the remainder when 9909661 is divided by 2050.
2011
What is the remainder when 1486194 is divided by 371141?
1630
Calculate the remainder when 50098 is divided by 35.
13
What is the remainder when 1532039 is divided by 1532036?
3
Calculate the remainder when 7186317 is divided by 1964.
41
What is the remainder when 5562850 is divided by 181?
177
Calculate the remainder when 274733725 is divided by 137366856.
13
What is the remainder when 771784 is divided by 59360?
104
Calculate the remainder when 1328499 is divided by 77.
18
Calculate the remainder when 425092 is divided by 141185.
1537
Calculate the remainder when 18316011 is divided by 22.
21
Calculate the remainder when 138087392 is 